{"id":3,"date":"2025-07-30T08:09:35","date_gmt":"2025-07-30T08:09:35","guid":{"rendered":"https:\/\/mincool.org\/?page_id=3"},"modified":"2025-07-31T08:08:53","modified_gmt":"2025-07-31T08:08:53","slug":"informativa-sulla-privacy","status":"publish","type":"page","link":"https:\/\/mincool.org\/it\/informativa-sulla-privacy\/","title":{"rendered":"Informativa sulla privacy"},"content":{"rendered":"<h2 class=\"wp-block-heading\">Informativa sulla privacy<\/h2>\n\n\n\n<p><strong>1.<\/strong>&nbsp;<strong>Disposizioni di base<\/strong><\/p>\n\n\n\n<p>1.1. Il titolare del trattamento dei dati personali ai sensi dell'articolo 4, paragrafo 7, del Regolamento (UE) 2016\/679 del Parlamento europeo e del Consiglio relativo alla protezione delle persone fisiche con riguardo al trattamento dei dati personali, nonch\u00e9 alla libera circolazione di tali dati (di seguito: \u201e<strong>GDPR<\/strong>\u201d) \u00e8 SV\u011aT KAMEN\u016e s.r.o., ID No.: 07496303, con sede legale in n\u00e1b\u0159e\u017e\u00ed Dukelsk\u00fdch hrdin\u016f 2269, 756 61 Ro\u017enov pod Radho\u0161t\u011bm (di seguito: \u201e<strong>Amministratore<\/strong>\u201c).<\/p>\n\n\n\n<p>1.2 I dati di contatto dell'amministratore sono - Pavla K\u0159enkov\u00e1<\/p>\n\n\n\n<p>Indirizzo: n\u00e1b\u0159e\u017e\u00ed Dukelsk\u00fdch hrdin\u016f 2269, 756 61 Ro\u017enov pod Radho\u0161t\u011bm.&nbsp;&nbsp;&nbsp;&nbsp;&nbsp;&nbsp;&nbsp;&nbsp;&nbsp;<\/p>\n\n\n\n<p>Email: info@svetkamenu.cz<\/p>\n\n\n\n<p>telefono: +420 571 657 766<\/p>\n\n\n\n<p>1.3 Per dati personali si intende qualsiasi informazione relativa a una persona fisica identificata o identificabile; per persona fisica identificabile si intende una persona fisica che pu\u00f2 essere identificata, direttamente o indirettamente, in particolare mediante riferimento a un identificativo come il nome, un numero di identificazione, dati relativi all'ubicazione, un identificativo di rete o a uno o pi\u00f9 elementi specifici della sua identit\u00e0 fisica, fisiologica, genetica, psichica, economica, culturale o sociale.<\/p>\n\n\n\n<p>1.4 Il responsabile del trattamento non ha nominato un responsabile della protezione dei dati.<\/p>\n\n\n\n<p><strong>2.&nbsp;<\/strong><strong>Fonti e categorie di dati personali trattati<\/strong><\/p>\n\n\n\n<p>2.1 Il titolare del trattamento tratta i dati personali da voi forniti al titolare del trattamento o i dati personali che il titolare del trattamento ha ottenuto in seguito all'esecuzione del vostro ordine.<\/p>\n\n\n\n<p>2.2 Il titolare del trattamento tratta i dati di identificazione, di contatto e i dati necessari per l'esecuzione del contratto.<\/p>\n\n\n\n<p><strong>3.<\/strong>&nbsp;<strong>Z\u00e1<\/strong><strong>connessione<\/strong><strong>il motivo e lo scopo del trattamento dei dati personali<\/strong><strong>ch&nbsp;<\/strong><strong>dati<\/strong><\/p>\n\n\n\n<p>3.1 Il motivo legittimo per il trattamento dei dati personali \u00e8<\/p>\n\n\n\n<p>3.1.1. esecuzione del contratto tra l'utente e il responsabile del trattamento ai sensi dell'articolo 6, paragrafo 1, lettera b), del GDPR,<\/p>\n\n\n\n<p>3.1.2. il legittimo interesse del responsabile del trattamento a fornire marketing diretto (in particolare per l'invio di comunicazioni commerciali e newsletter) ai sensi dell'articolo 6, paragrafo 1, lettera f), del GDPR,<\/p>\n\n\n\n<p>3.1.3. il consenso al trattamento per finalit\u00e0 di marketing diretto (in particolare per l'invio di comunicazioni commerciali e newsletter) ai sensi dell'articolo 6, paragrafo 1, lettera a), del GDPR in combinato disposto con l'articolo 7, paragrafo 2, della legge n. 480\/2004 Coll. su alcuni servizi della societ\u00e0 dell'informazione, in assenza di un ordine di beni o servizi.<\/p>\n\n\n\n<p>3.2 Le finalit\u00e0 del trattamento dei dati personali sono<\/p>\n\n\n\n<p>3.2.1. l'elaborazione dell'ordine dell'utente e l'esercizio dei diritti e degli obblighi derivanti dal rapporto contrattuale tra l'utente e l'amministratore; quando si effettua un ordine, sono richiesti i dati personali necessari per la corretta elaborazione dell'ordine (nome e indirizzo, contatto), il conferimento dei dati personali \u00e8 un requisito necessario per la conclusione e l'esecuzione del contratto, senza il conferimento dei dati personali non \u00e8 possibile concludere il contratto o la sua esecuzione da parte dell'amministratore,<\/p>\n\n\n\n<p>3.2.2. invio di comunicazioni commerciali e svolgimento di altre attivit\u00e0 di marketing.<\/p>\n\n\n\n<p>3.3 Non vi \u00e8 alcun processo decisionale individuale automatico da parte del responsabile del trattamento ai sensi dell'articolo 22 del GDPR. Avete dato il vostro esplicito consenso a tale trattamento.<\/p>\n\n\n\n<p><strong>4. Periodo di conservazione dei dati<\/strong><\/p>\n\n\n\n<p>4.1 Il responsabile del trattamento conserva i dati personali<\/p>\n\n\n\n<p>4.1.1. per il periodo necessario all'esercizio dei diritti e degli obblighi derivanti dal rapporto contrattuale tra l'utente e il responsabile del trattamento e all'esercizio dei diritti derivanti da tali rapporti contrattuali, nonch\u00e9 per il periodo necessario ai fini dell'archiviazione ai sensi delle relative disposizioni di legge generalmente vincolanti, ma non oltre il periodo specificato dalle disposizioni di legge generalmente vincolanti.<\/p>\n\n\n\n<p>4.1.2. per tutto il tempo in cui il consenso al trattamento dei dati personali per finalit\u00e0 di marketing viene revocato, se i dati personali sono trattati sulla base del consenso.<\/p>\n\n\n\n<p>4.2 Allo scadere del periodo di conservazione, il responsabile del trattamento canceller\u00e0 i dati personali.<\/p>\n\n\n\n<p><strong>5. Beneficiari personali<\/strong><strong>ch&nbsp;<\/strong><strong>dati (subappaltatore<\/strong><strong>\u00e9&nbsp;<\/strong><strong>spr<\/strong><strong>una partita)<\/strong><\/p>\n\n\n\n<p>5.1 I destinatari dei dati personali sono le persone<\/p>\n\n\n\n<p>5.1.1. coinvolti nella consegna di beni \/ servizi \/ pagamenti ai sensi del contratto,<\/p>\n\n\n\n<p>5.1.2. fornire servizi di gestione dell'e-shop e altri servizi connessi alla gestione dell'e-shop,<\/p>\n\n\n\n<p>5.1.3. fornire servizi di marketing.<\/p>\n\n\n\n<p>5.2 Il titolare del trattamento non intende trasferire i dati personali a un paese terzo (non UE) o a un'organizzazione internazionale. I destinatari dei dati personali in paesi terzi sono i fornitori di servizi di mailing\/fornitori di servizi cloud.<\/p>\n\n\n\n<p><strong>6. I vostri diritti<\/strong><\/p>\n\n\n\n<p>6.1 Ai sensi del GDPR, l'utente deve<\/p>\n\n\n\n<p>6.1.1. il diritto di accesso ai propri dati personali ai sensi dell'articolo 15 del GDPR,<\/p>\n\n\n\n<p>6.1.2. il diritto alla rettifica dei dati personali ai sensi dell'articolo 16 del GDPR o alla limitazione del trattamento ai sensi dell'articolo 18 del GDPR.<\/p>\n\n\n\n<p>6.1.3. il diritto alla cancellazione dei dati personali ai sensi dell'articolo 17 del GDPR.<\/p>\n\n\n\n<p>6.1.4. il diritto di opporsi al trattamento ai sensi dell'articolo 21 del GDPR; e<\/p>\n\n\n\n<p>6.1.5. il diritto alla portabilit\u00e0 dei dati ai sensi dell'articolo 20 del GDPR.<\/p>\n\n\n\n<p>6.1.6. il diritto di revocare il consenso al trattamento per iscritto o per via elettronica all'indirizzo o all'e-mail del responsabile del trattamento specificato nell'articolo III dei presenti Termini e condizioni.<\/p>\n\n\n\n<p>6.2 L'utente ha inoltre il diritto di presentare un reclamo all'Ufficio per la protezione dei dati personali se ritiene che i suoi diritti di protezione dei dati siano stati violati.<\/p>\n\n\n\n<p><strong>7. Condizioni di sicurezza dei dati personali<\/strong><\/p>\n\n\n\n<p>7.1 Il Titolare dichiara di aver adottato tutte le misure tecniche e organizzative adeguate per la salvaguardia dei dati personali.<\/p>\n\n\n\n<p>7.2 Il titolare del trattamento ha adottato misure tecniche per proteggere l'archiviazione dei dati e la conservazione dei dati personali in forma cartacea.<\/p>\n\n\n\n<p>7.3 Il responsabile del trattamento dichiara che solo le persone da lui autorizzate hanno accesso ai dati personali.<\/p>\n\n\n\n<p><strong>8. Disposizioni finali<\/strong><\/p>\n\n\n\n<p>8.1 Inviando un ordine dal modulo d'ordine online, l'utente conferma di essere a conoscenza dell'informativa sulla privacy e di accettarla nella sua interezza.<\/p>\n\n\n\n<p>8.2 L'utente accetta i presenti termini e condizioni selezionando la casella di consenso tramite il modulo online. Selezionando la casella di consenso, l'utente conferma di aver letto l'informativa sulla privacy e di accettarla nella sua interezza.<\/p>\n\n\n\n<p>8.3 L'Amministratore ha il diritto di modificare i presenti termini e condizioni. Pubblicher\u00e0 la nuova versione dell'Informativa sulla privacy sul proprio sito web e vi invier\u00e0 la nuova versione dell'Informativa sulla privacy anche all'indirizzo e-mail che avete fornito al responsabile del trattamento.<\/p>\n\n\n\n<p>I presenti termini e condizioni entrano in vigore il 31 luglio 2025.<\/p>","protected":false},"excerpt":{"rendered":"<p>Podm\u00ednky ochrany osobn\u00edch \u00fadaj\u016f 1.&nbsp;Z\u00e1kladn\u00ed ustanoven\u00ed 1.1.&nbsp;Spr\u00e1vcem osobn\u00edch \u00fadaj\u016f podle \u010dl. 4 bod 7 na\u0159\u00edzen\u00ed Evropsk\u00e9ho parlamentu a&nbsp;Rady (EU) 2016\/679 o&nbsp;ochran\u011b fyzick\u00fdch osob v&nbsp;souvislosti se&nbsp;zpracov\u00e1n\u00edm osobn\u00edch \u00fadaj\u016f a&nbsp;o&nbsp;voln\u00e9m pohybu t\u011bchto \u00fadaj\u016f (d\u00e1le jen: \u201eGDPR\u201d) je SV\u011aT KAMEN\u016e s.r.o., I\u010c:&nbsp;07496303, se&nbsp;s\u00eddlem n\u00e1b\u0159e\u017e\u00ed Dukelsk\u00fdch hrdin\u016f 2269, 756 61 Ro\u017enov pod&nbsp;Radho\u0161t\u011bm (d\u00e1le jen: \u201espr\u00e1vce\u201c). 1.2.&nbsp;Kontaktn\u00ed \u00fadaje spr\u00e1vce jsou [&hellip;]<\/p>","protected":false},"author":1,"featured_media":0,"parent":0,"menu_order":0,"comment_status":"closed","ping_status":"closed","template":"","meta":{"footnotes":""},"class_list":["post-3","page","type-page","status-publish","hentry"],"aioseo_notices":[],"_links":{"self":[{"href":"https:\/\/mincool.org\/it\/wp-json\/wp\/v2\/pages\/3","targetHints":{"allow":["GET"]}}],"collection":[{"href":"https:\/\/mincool.org\/it\/wp-json\/wp\/v2\/pages"}],"about":[{"href":"https:\/\/mincool.org\/it\/wp-json\/wp\/v2\/types\/page"}],"author":[{"embeddable":true,"href":"https:\/\/mincool.org\/it\/wp-json\/wp\/v2\/users\/1"}],"replies":[{"embeddable":true,"href":"https:\/\/mincool.org\/it\/wp-json\/wp\/v2\/comments?post=3"}],"version-history":[{"count":1,"href":"https:\/\/mincool.org\/it\/wp-json\/wp\/v2\/pages\/3\/revisions"}],"predecessor-version":[{"id":130,"href":"https:\/\/mincool.org\/it\/wp-json\/wp\/v2\/pages\/3\/revisions\/130"}],"wp:attachment":[{"href":"https:\/\/mincool.org\/it\/wp-json\/wp\/v2\/media?parent=3"}],"curies":[{"name":"wp","href":"https:\/\/api.w.org\/{rel}","templated":true}]}}

<h2 class="wp-block-heading">Informativa sulla privacy</h2>



<p><strong>1.</strong>&nbsp;<strong>Disposizioni di base</strong></p>



<p>1.1. Il titolare del trattamento dei dati personali ai sensi dell'articolo 4, paragrafo 7, del Regolamento (UE) 2016/679 del Parlamento europeo e del Consiglio relativo alla protezione delle persone fisiche con riguardo al trattamento dei dati personali, nonché alla libera circolazione di tali dati (di seguito: „<strong>GDPR</strong>”) è SVĚT KAMENŮ s.r.o., ID No.: 07496303, con sede legale in nábřeží Dukelských hrdinů 2269, 756 61 Rožnov pod Radhoštěm (di seguito: „<strong>Amministratore</strong>“).</p>



<p>1.2 I dati di contatto dell'amministratore sono - Pavla Křenková</p>



<p>Indirizzo: nábřeží Dukelských hrdinů 2269, 756 61 Rožnov pod Radhoštěm.&nbsp;&nbsp;&nbsp;&nbsp;&nbsp;&nbsp;&nbsp;&nbsp;&nbsp;</p>



<p>Email: info@svetkamenu.cz</p>



<p>telefono: +420 571 657 766</p>



<p>1.3 Per dati personali si intende qualsiasi informazione relativa a una persona fisica identificata o identificabile; per persona fisica identificabile si intende una persona fisica che può essere identificata, direttamente o indirettamente, in particolare mediante riferimento a un identificativo come il nome, un numero di identificazione, dati relativi all'ubicazione, un identificativo di rete o a uno o più elementi specifici della sua identità fisica, fisiologica, genetica, psichica, economica, culturale o sociale.</p>



<p>1.4 Il responsabile del trattamento non ha nominato un responsabile della protezione dei dati.</p>



<p><strong>2.&nbsp;</strong><strong>Fonti e categorie di dati personali trattati</strong></p>



<p>2.1 Il titolare del trattamento tratta i dati personali da voi forniti al titolare del trattamento o i dati personali che il titolare del trattamento ha ottenuto in seguito all'esecuzione del vostro ordine.</p>



<p>2.2 Il titolare del trattamento tratta i dati di identificazione, di contatto e i dati necessari per l'esecuzione del contratto.</p>



<p><strong>3.</strong>&nbsp;<strong>Zá</strong><strong>connessione</strong><strong>il motivo e lo scopo del trattamento dei dati personali</strong><strong>ch&nbsp;</strong><strong>dati</strong></p>



<p>3.1 Il motivo legittimo per il trattamento dei dati personali è</p>



<p>3.1.1. esecuzione del contratto tra l'utente e il responsabile del trattamento ai sensi dell'articolo 6, paragrafo 1, lettera b), del GDPR,</p>



<p>3.1.2. il legittimo interesse del responsabile del trattamento a fornire marketing diretto (in particolare per l'invio di comunicazioni commerciali e newsletter) ai sensi dell'articolo 6, paragrafo 1, lettera f), del GDPR,</p>



<p>3.1.3. il consenso al trattamento per finalità di marketing diretto (in particolare per l'invio di comunicazioni commerciali e newsletter) ai sensi dell'articolo 6, paragrafo 1, lettera a), del GDPR in combinato disposto con l'articolo 7, paragrafo 2, della legge n. 480/2004 Coll. su alcuni servizi della società dell'informazione, in assenza di un ordine di beni o servizi.</p>



<p>3.2 Le finalità del trattamento dei dati personali sono</p>



<p>3.2.1. l'elaborazione dell'ordine dell'utente e l'esercizio dei diritti e degli obblighi derivanti dal rapporto contrattuale tra l'utente e l'amministratore; quando si effettua un ordine, sono richiesti i dati personali necessari per la corretta elaborazione dell'ordine (nome e indirizzo, contatto), il conferimento dei dati personali è un requisito necessario per la conclusione e l'esecuzione del contratto, senza il conferimento dei dati personali non è possibile concludere il contratto o la sua esecuzione da parte dell'amministratore,</p>



<p>3.2.2. invio di comunicazioni commerciali e svolgimento di altre attività di marketing.</p>



<p>3.3 Non vi è alcun processo decisionale individuale automatico da parte del responsabile del trattamento ai sensi dell'articolo 22 del GDPR. Avete dato il vostro esplicito consenso a tale trattamento.</p>



<p><strong>4. Periodo di conservazione dei dati</strong></p>



<p>4.1 Il responsabile del trattamento conserva i dati personali</p>



<p>4.1.1. per il periodo necessario all'esercizio dei diritti e degli obblighi derivanti dal rapporto contrattuale tra l'utente e il responsabile del trattamento e all'esercizio dei diritti derivanti da tali rapporti contrattuali, nonché per il periodo necessario ai fini dell'archiviazione ai sensi delle relative disposizioni di legge generalmente vincolanti, ma non oltre il periodo specificato dalle disposizioni di legge generalmente vincolanti.</p>



<p>4.1.2. per tutto il tempo in cui il consenso al trattamento dei dati personali per finalità di marketing viene revocato, se i dati personali sono trattati sulla base del consenso.</p>



<p>4.2 Allo scadere del periodo di conservazione, il responsabile del trattamento cancellerà i dati personali.</p>



<p><strong>5. Beneficiari personali</strong><strong>ch&nbsp;</strong><strong>dati (subappaltatore</strong><strong>é&nbsp;</strong><strong>spr</strong><strong>una partita)</strong></p>



<p>5.1 I destinatari dei dati personali sono le persone</p>



<p>5.1.1. coinvolti nella consegna di beni / servizi / pagamenti ai sensi del contratto,</p>



<p>5.1.2. fornire servizi di gestione dell'e-shop e altri servizi connessi alla gestione dell'e-shop,</p>



<p>5.1.3. fornire servizi di marketing.</p>



<p>5.2 Il titolare del trattamento non intende trasferire i dati personali a un paese terzo (non UE) o a un'organizzazione internazionale. I destinatari dei dati personali in paesi terzi sono i fornitori di servizi di mailing/fornitori di servizi cloud.</p>



<p><strong>6. I vostri diritti</strong></p>



<p>6.1 Ai sensi del GDPR, l'utente deve</p>



<p>6.1.1. il diritto di accesso ai propri dati personali ai sensi dell'articolo 15 del GDPR,</p>



<p>6.1.2. il diritto alla rettifica dei dati personali ai sensi dell'articolo 16 del GDPR o alla limitazione del trattamento ai sensi dell'articolo 18 del GDPR.</p>



<p>6.1.3. il diritto alla cancellazione dei dati personali ai sensi dell'articolo 17 del GDPR.</p>



<p>6.1.4. il diritto di opporsi al trattamento ai sensi dell'articolo 21 del GDPR; e</p>



<p>6.1.5. il diritto alla portabilità dei dati ai sensi dell'articolo 20 del GDPR.</p>



<p>6.1.6. il diritto di revocare il consenso al trattamento per iscritto o per via elettronica all'indirizzo o all'e-mail del responsabile del trattamento specificato nell'articolo III dei presenti Termini e condizioni.</p>



<p>6.2 L'utente ha inoltre il diritto di presentare un reclamo all'Ufficio per la protezione dei dati personali se ritiene che i suoi diritti di protezione dei dati siano stati violati.</p>



<p><strong>7. Condizioni di sicurezza dei dati personali</strong></p>



<p>7.1 Il Titolare dichiara di aver adottato tutte le misure tecniche e organizzative adeguate per la salvaguardia dei dati personali.</p>



<p>7.2 Il titolare del trattamento ha adottato misure tecniche per proteggere l'archiviazione dei dati e la conservazione dei dati personali in forma cartacea.</p>



<p>7.3 Il responsabile del trattamento dichiara che solo le persone da lui autorizzate hanno accesso ai dati personali.</p>



<p><strong>8. Disposizioni finali</strong></p>



<p>8.1 Inviando un ordine dal modulo d'ordine online, l'utente conferma di essere a conoscenza dell'informativa sulla privacy e di accettarla nella sua interezza.</p>



<p>8.2 L'utente accetta i presenti termini e condizioni selezionando la casella di consenso tramite il modulo online. Selezionando la casella di consenso, l'utente conferma di aver letto l'informativa sulla privacy e di accettarla nella sua interezza.</p>



<p>8.3 L'Amministratore ha il diritto di modificare i presenti termini e condizioni. Pubblicherà la nuova versione dell'Informativa sulla privacy sul proprio sito web e vi invierà la nuova versione dell'Informativa sulla privacy anche all'indirizzo e-mail che avete fornito al responsabile del trattamento.</p>



<p>I presenti termini e condizioni entrano in vigore il 31 luglio 2025.</p>

<p>Podmínky ochrany osobních údajů 1.&nbsp;Základní ustanovení 1.1.&nbsp;Správcem osobních údajů podle čl. 4 bod 7 nařízení Evropského parlamentu a&nbsp;Rady (EU) 2016/679 o&nbsp;ochraně fyzických osob v&nbsp;souvislosti se&nbsp;zpracováním osobních údajů a&nbsp;o&nbsp;volném pohybu těchto údajů (dále jen: „GDPR”) je SVĚT KAMENŮ s.r.o., IČ:&nbsp;07496303, se&nbsp;sídlem nábřeží Dukelských hrdinů 2269, 756 61 Rožnov pod&nbsp;Radhoštěm (dále jen: „správce“). 1.2.&nbsp;Kontaktní údaje správce jsou [&hellip;]</p>
