{"id":3,"date":"2025-07-30T08:09:35","date_gmt":"2025-07-30T08:09:35","guid":{"rendered":"https:\/\/mincool.org\/?page_id=3"},"modified":"2025-07-31T08:08:53","modified_gmt":"2025-07-31T08:08:53","slug":"polityka-prywatnosci","status":"publish","type":"page","link":"https:\/\/mincool.org\/pl\/polityka-prywatnosci\/","title":{"rendered":"Polityka prywatno\u015bci"},"content":{"rendered":"<h2 class=\"wp-block-heading\">Polityka prywatno\u015bci<\/h2>\n\n\n\n<p><strong>1.<\/strong>&nbsp;<strong>Postanowienia podstawowe<\/strong><\/p>\n\n\n\n<p>1.1 Administrator danych osobowych zgodnie z art. 4 pkt 7 Rozporz\u0105dzenia Parlamentu Europejskiego i Rady (UE) 2016\/679 w sprawie ochrony os\u00f3b fizycznych w zwi\u0105zku z przetwarzaniem danych osobowych i w sprawie swobodnego przep\u0142ywu takich danych (dalej jako: \u201e<strong>RODO<\/strong>\u201d) jest sp\u00f3\u0142ka SV\u011aT KAMEN\u016e s.r.o., nr identyfikacyjny: 07496303, z siedzib\u0105 pod adresem n\u00e1b\u0159e\u017e\u00ed Dukelsk\u00fdch hrdin\u016f 2269, 756 61 Ro\u017enov pod Radho\u0161t\u011bm (zwana dalej: \u201eSV\u011aT KAMEN\u016e s.r.o.\").\u201e<strong>Administrator<\/strong>\u201c).<\/p>\n\n\n\n<p>1.2 Dane kontaktowe administratora - Pavla K\u0159enkov\u00e1<\/p>\n\n\n\n<p>Adres: n\u00e1b\u0159e\u017e\u00ed Dukelsk\u00fdch hrdin\u016f 2269, 756 61 Ro\u017enov pod Radho\u0161t\u011bm.&nbsp;&nbsp;&nbsp;&nbsp;&nbsp;&nbsp;&nbsp;&nbsp;&nbsp;<\/p>\n\n\n\n<p>E-mail: info@svetkamenu.cz<\/p>\n\n\n\n<p>tel.: +420 571 657 766<\/p>\n\n\n\n<p>1.3 Dane osobowe oznaczaj\u0105 wszelkie informacje o zidentyfikowanej lub mo\u017cliwej do zidentyfikowania osobie fizycznej; mo\u017cliwa do zidentyfikowania osoba fizyczna to osoba fizyczna, kt\u00f3r\u0105 mo\u017cna bezpo\u015brednio lub po\u015brednio zidentyfikowa\u0107, w szczeg\u00f3lno\u015bci na podstawie identyfikatora takiego jak imi\u0119 i nazwisko, numer identyfikacyjny, dane o lokalizacji, identyfikator sieciowy lub jeden b\u0105d\u017a kilka szczeg\u00f3lnych element\u00f3w fizycznej, fizjologicznej, genetycznej, psychicznej, ekonomicznej, kulturowej lub spo\u0142ecznej to\u017csamo\u015bci tej osoby fizycznej.<\/p>\n\n\n\n<p>1.4 Administrator nie wyznaczy\u0142 inspektora ochrony danych.<\/p>\n\n\n\n<p><strong>2.&nbsp;<\/strong><strong>\u0179r\u00f3d\u0142a i kategorie przetwarzanych danych osobowych<\/strong><\/p>\n\n\n\n<p>2.1 Administrator przetwarza dane osobowe, kt\u00f3re u\u017cytkownik przekaza\u0142 administratorowi lub dane osobowe, kt\u00f3re administrator uzyska\u0142 w wyniku realizacji zam\u00f3wienia u\u017cytkownika.<\/p>\n\n\n\n<p>2.2 Administrator przetwarza dane identyfikacyjne, kontaktowe i dane niezb\u0119dne do wykonania umowy.<\/p>\n\n\n\n<p><strong>3.<\/strong>&nbsp;<strong>Z\u00e1<\/strong><strong>sto\u017cek<\/strong><strong>pow\u00f3d i cel przetwarzania danych osobowych<\/strong><strong>ch&nbsp;<\/strong><strong>dane<\/strong><\/p>\n\n\n\n<p>3.1 Zgodnym z prawem powodem przetwarzania danych osobowych jest<\/p>\n\n\n\n<p>3.1.1. wykonanie umowy mi\u0119dzy u\u017cytkownikiem a administratorem zgodnie z art. 6 ust. 1 lit. b) RODO,<\/p>\n\n\n\n<p>3.1.2. prawnie uzasadniony interes administratora w prowadzeniu marketingu bezpo\u015bredniego (w szczeg\u00f3lno\u015bci w celu wysy\u0142ania informacji handlowych i newsletter\u00f3w) zgodnie z art. 6 ust. 1 lit. f) RODO,<\/p>\n\n\n\n<p>3.1.3. zgoda u\u017cytkownika na przetwarzanie w celu prowadzenia marketingu bezpo\u015bredniego (w szczeg\u00f3lno\u015bci w celu wysy\u0142ania informacji handlowych i biuletyn\u00f3w) zgodnie z art. 6 ust. 1 lit. a) RODO w zwi\u0105zku z art. 7 ust. 2 ustawy nr 480\/2004 Coll. w sprawie niekt\u00f3rych us\u0142ug spo\u0142ecze\u0144stwa informacyjnego, w przypadku braku zam\u00f3wienia towar\u00f3w lub us\u0142ug.<\/p>\n\n\n\n<p>3.2 Celem przetwarzania danych osobowych jest<\/p>\n\n\n\n<p>3.2.1. przetwarzanie zam\u00f3wienia i wykonywanie praw i obowi\u0105zk\u00f3w wynikaj\u0105cych ze stosunku umownego mi\u0119dzy u\u017cytkownikiem a administratorem; przy sk\u0142adaniu zam\u00f3wienia wymagane s\u0105 dane osobowe, kt\u00f3re s\u0105 niezb\u0119dne do pomy\u015blnej realizacji zam\u00f3wienia (imi\u0119 i nazwisko oraz adres, kontakt), podanie danych osobowych jest niezb\u0119dnym wymogiem do zawarcia i wykonania umowy, bez podania danych osobowych nie jest mo\u017cliwe zawarcie umowy ani jej wykonanie przez administratora,<\/p>\n\n\n\n<p>3.2.2. wysy\u0142anie informacji handlowych i prowadzenie innych dzia\u0142a\u0144 marketingowych.<\/p>\n\n\n\n<p>3.3 Administrator nie podejmuje decyzji w spos\u00f3b zautomatyzowany w rozumieniu art. 22 RODO. U\u017cytkownik wyrazi\u0142 wyra\u017an\u0105 zgod\u0119 na takie przetwarzanie.<\/p>\n\n\n\n<p><strong>4. Okres przechowywania danych<\/strong><\/p>\n\n\n\n<p>4.1 Administrator przechowuje dane osobowe<\/p>\n\n\n\n<p>4.1.1. przez okres niezb\u0119dny do wykonywania praw i obowi\u0105zk\u00f3w wynikaj\u0105cych ze stosunku umownego mi\u0119dzy u\u017cytkownikiem a administratorem oraz dochodzenia roszcze\u0144 wynikaj\u0105cych z tych stosunk\u00f3w umownych, a tak\u017ce przez okres niezb\u0119dny do cel\u00f3w archiwizacji zgodnie z odpowiednimi powszechnie obowi\u0105zuj\u0105cymi przepisami prawa, jednak nie d\u0142u\u017cej ni\u017c przez okres okre\u015blony w powszechnie obowi\u0105zuj\u0105cych przepisach prawa.<\/p>\n\n\n\n<p>4.1.2. na czas wycofania zgody na przetwarzanie danych osobowych w celach marketingowych, je\u017celi dane osobowe s\u0105 przetwarzane na podstawie zgody.<\/p>\n\n\n\n<p>4.2 Po up\u0142ywie okresu przechowywania administrator usuwa dane osobowe.<\/p>\n\n\n\n<p><strong>5. Beneficjenci osobi\u015bci<\/strong><strong>ch&nbsp;<\/strong><strong>dane (podwykonawca<\/strong><strong>\u00e9&nbsp;<\/strong><strong>spr<\/strong><strong>partia)<\/strong><\/p>\n\n\n\n<p>5.1 Odbiorcami danych osobowych s\u0105 osoby<\/p>\n\n\n\n<p>5.1.1. zaanga\u017cowanych w dostaw\u0119 towar\u00f3w \/ us\u0142ug \/ dokonywanie p\u0142atno\u015bci w ramach umowy,<\/p>\n\n\n\n<p>5.1.2. \u015bwiadczenie us\u0142ug zwi\u0105zanych z prowadzeniem e-sklepu i innych us\u0142ug zwi\u0105zanych z prowadzeniem e-sklepu,<\/p>\n\n\n\n<p>5.1.3. \u015bwiadczenie us\u0142ug marketingowych.<\/p>\n\n\n\n<p>5.2 Administrator nie zamierza przekazywa\u0107 danych osobowych do pa\u0144stwa trzeciego (kraju spoza UE) lub organizacji mi\u0119dzynarodowej. Odbiorcami danych osobowych w pa\u0144stwach trzecich s\u0105 dostawcy us\u0142ug mailingowych \/ dostawcy us\u0142ug w chmurze.<\/p>\n\n\n\n<p><strong>6. Prawa u\u017cytkownika<\/strong><\/p>\n\n\n\n<p>6.1 Zgodnie z warunkami RODO u\u017cytkownik ma prawo do<\/p>\n\n\n\n<p>6.1.1. prawo dost\u0119pu do swoich danych osobowych zgodnie z art. 15 RODO,<\/p>\n\n\n\n<p>6.1.2. prawo do sprostowania danych osobowych zgodnie z art. 16 RODO lub ograniczenia przetwarzania zgodnie z art. 18 RODO.<\/p>\n\n\n\n<p>6.1.3. prawo do usuni\u0119cia danych osobowych zgodnie z art. 17 RODO.<\/p>\n\n\n\n<p>6.1.4. prawo do wniesienia sprzeciwu wobec przetwarzania zgodnie z art. 21 RODO; oraz<\/p>\n\n\n\n<p>6.1.5. prawo do przenoszenia danych zgodnie z art. 20 RODO.<\/p>\n\n\n\n<p>6.1.6. prawo do wycofania zgody na przetwarzanie w formie pisemnej lub elektronicznej na adres lub adres e-mail administratora wskazany w art. III niniejszego Regulaminu.<\/p>\n\n\n\n<p>6.2 U\u017cytkownik ma r\u00f3wnie\u017c prawo do z\u0142o\u017cenia skargi do Urz\u0119du Ochrony Danych Osobowych, je\u015bli uwa\u017ca, \u017ce jego prawa do ochrony danych zosta\u0142y naruszone.<\/p>\n\n\n\n<p><strong>7. Warunki bezpiecze\u0144stwa danych osobowych<\/strong><\/p>\n\n\n\n<p>7.1 Administrator o\u015bwiadcza, \u017ce podj\u0105\u0142 wszelkie odpowiednie \u015brodki techniczne i organizacyjne w celu zabezpieczenia danych osobowych.<\/p>\n\n\n\n<p>7.2 Administrator podj\u0105\u0142 \u015brodki techniczne w celu zabezpieczenia przechowywania danych oraz przechowywania danych osobowych w formie papierowej.<\/p>\n\n\n\n<p>7.3 Administrator o\u015bwiadcza, \u017ce dost\u0119p do danych osobowych maj\u0105 wy\u0142\u0105cznie osoby przez niego upowa\u017cnione.<\/p>\n\n\n\n<p><strong>8. Postanowienia ko\u0144cowe<\/strong><\/p>\n\n\n\n<p>8.1 Sk\u0142adaj\u0105c zam\u00f3wienie za po\u015brednictwem formularza zam\u00f3wienia online, u\u017cytkownik potwierdza, \u017ce zapozna\u0142 si\u0119 z polityk\u0105 prywatno\u015bci i akceptuje j\u0105 w ca\u0142o\u015bci.<\/p>\n\n\n\n<p>8.2 U\u017cytkownik wyra\u017ca zgod\u0119 na niniejsze warunki, zaznaczaj\u0105c pole zgody za po\u015brednictwem formularza online. Zaznaczaj\u0105c pole zgody, u\u017cytkownik potwierdza, \u017ce zapozna\u0142 si\u0119 z polityk\u0105 prywatno\u015bci i akceptuje j\u0105 w ca\u0142o\u015bci.<\/p>\n\n\n\n<p>8.3 Administrator jest uprawniony do zmiany niniejszych warunk\u00f3w. Opublikuje now\u0105 wersj\u0119 Polityki prywatno\u015bci na swojej stronie internetowej, a tak\u017ce prze\u015ble now\u0105 wersj\u0119 Polityki prywatno\u015bci na adres e-mail podany administratorowi.<\/p>\n\n\n\n<p>Niniejsze warunki wchodz\u0105 w \u017cycie z dniem 31 lipca 2025 r.<\/p>","protected":false},"excerpt":{"rendered":"<p>Podm\u00ednky ochrany osobn\u00edch \u00fadaj\u016f 1.&nbsp;Z\u00e1kladn\u00ed ustanoven\u00ed 1.1.&nbsp;Spr\u00e1vcem osobn\u00edch \u00fadaj\u016f podle \u010dl. 4 bod 7 na\u0159\u00edzen\u00ed Evropsk\u00e9ho parlamentu a&nbsp;Rady (EU) 2016\/679 o&nbsp;ochran\u011b fyzick\u00fdch osob v&nbsp;souvislosti se&nbsp;zpracov\u00e1n\u00edm osobn\u00edch \u00fadaj\u016f a&nbsp;o&nbsp;voln\u00e9m pohybu t\u011bchto \u00fadaj\u016f (d\u00e1le jen: \u201eGDPR\u201d) je SV\u011aT KAMEN\u016e s.r.o., I\u010c:&nbsp;07496303, se&nbsp;s\u00eddlem n\u00e1b\u0159e\u017e\u00ed Dukelsk\u00fdch hrdin\u016f 2269, 756 61 Ro\u017enov pod&nbsp;Radho\u0161t\u011bm (d\u00e1le jen: \u201espr\u00e1vce\u201c). 1.2.&nbsp;Kontaktn\u00ed \u00fadaje spr\u00e1vce jsou [&hellip;]<\/p>","protected":false},"author":1,"featured_media":0,"parent":0,"menu_order":0,"comment_status":"closed","ping_status":"closed","template":"","meta":{"footnotes":""},"class_list":["post-3","page","type-page","status-publish","hentry"],"aioseo_notices":[],"_links":{"self":[{"href":"https:\/\/mincool.org\/pl\/wp-json\/wp\/v2\/pages\/3","targetHints":{"allow":["GET"]}}],"collection":[{"href":"https:\/\/mincool.org\/pl\/wp-json\/wp\/v2\/pages"}],"about":[{"href":"https:\/\/mincool.org\/pl\/wp-json\/wp\/v2\/types\/page"}],"author":[{"embeddable":true,"href":"https:\/\/mincool.org\/pl\/wp-json\/wp\/v2\/users\/1"}],"replies":[{"embeddable":true,"href":"https:\/\/mincool.org\/pl\/wp-json\/wp\/v2\/comments?post=3"}],"version-history":[{"count":1,"href":"https:\/\/mincool.org\/pl\/wp-json\/wp\/v2\/pages\/3\/revisions"}],"predecessor-version":[{"id":130,"href":"https:\/\/mincool.org\/pl\/wp-json\/wp\/v2\/pages\/3\/revisions\/130"}],"wp:attachment":[{"href":"https:\/\/mincool.org\/pl\/wp-json\/wp\/v2\/media?parent=3"}],"curies":[{"name":"wp","href":"https:\/\/api.w.org\/{rel}","templated":true}]}}

Polityka prywatności

<h2 class="wp-block-heading">Polityka prywatności</h2>



<p><strong>1.</strong>&nbsp;<strong>Postanowienia podstawowe</strong></p>



<p>1.1 Administrator danych osobowych zgodnie z art. 4 pkt 7 Rozporządzenia Parlamentu Europejskiego i Rady (UE) 2016/679 w sprawie ochrony osób fizycznych w związku z przetwarzaniem danych osobowych i w sprawie swobodnego przepływu takich danych (dalej jako: „<strong>RODO</strong>”) jest spółka SVĚT KAMENŮ s.r.o., nr identyfikacyjny: 07496303, z siedzibą pod adresem nábřeží Dukelských hrdinů 2269, 756 61 Rožnov pod Radhoštěm (zwana dalej: „SVĚT KAMENŮ s.r.o.").„<strong>Administrator</strong>“).</p>



<p>1.2 Dane kontaktowe administratora - Pavla Křenková</p>



<p>Adres: nábřeží Dukelských hrdinů 2269, 756 61 Rožnov pod Radhoštěm.&nbsp;&nbsp;&nbsp;&nbsp;&nbsp;&nbsp;&nbsp;&nbsp;&nbsp;</p>



<p>E-mail: info@svetkamenu.cz</p>



<p>tel.: +420 571 657 766</p>



<p>1.3 Dane osobowe oznaczają wszelkie informacje o zidentyfikowanej lub możliwej do zidentyfikowania osobie fizycznej; możliwa do zidentyfikowania osoba fizyczna to osoba fizyczna, którą można bezpośrednio lub pośrednio zidentyfikować, w szczególności na podstawie identyfikatora takiego jak imię i nazwisko, numer identyfikacyjny, dane o lokalizacji, identyfikator sieciowy lub jeden bądź kilka szczególnych elementów fizycznej, fizjologicznej, genetycznej, psychicznej, ekonomicznej, kulturowej lub społecznej tożsamości tej osoby fizycznej.</p>



<p>1.4 Administrator nie wyznaczył inspektora ochrony danych.</p>



<p><strong>2.&nbsp;</strong><strong>Źródła i kategorie przetwarzanych danych osobowych</strong></p>



<p>2.1 Administrator przetwarza dane osobowe, które użytkownik przekazał administratorowi lub dane osobowe, które administrator uzyskał w wyniku realizacji zamówienia użytkownika.</p>



<p>2.2 Administrator przetwarza dane identyfikacyjne, kontaktowe i dane niezbędne do wykonania umowy.</p>



<p><strong>3.</strong>&nbsp;<strong>Zá</strong><strong>stożek</strong><strong>powód i cel przetwarzania danych osobowych</strong><strong>ch&nbsp;</strong><strong>dane</strong></p>



<p>3.1 Zgodnym z prawem powodem przetwarzania danych osobowych jest</p>



<p>3.1.1. wykonanie umowy między użytkownikiem a administratorem zgodnie z art. 6 ust. 1 lit. b) RODO,</p>



<p>3.1.2. prawnie uzasadniony interes administratora w prowadzeniu marketingu bezpośredniego (w szczególności w celu wysyłania informacji handlowych i newsletterów) zgodnie z art. 6 ust. 1 lit. f) RODO,</p>



<p>3.1.3. zgoda użytkownika na przetwarzanie w celu prowadzenia marketingu bezpośredniego (w szczególności w celu wysyłania informacji handlowych i biuletynów) zgodnie z art. 6 ust. 1 lit. a) RODO w związku z art. 7 ust. 2 ustawy nr 480/2004 Coll. w sprawie niektórych usług społeczeństwa informacyjnego, w przypadku braku zamówienia towarów lub usług.</p>



<p>3.2 Celem przetwarzania danych osobowych jest</p>



<p>3.2.1. przetwarzanie zamówienia i wykonywanie praw i obowiązków wynikających ze stosunku umownego między użytkownikiem a administratorem; przy składaniu zamówienia wymagane są dane osobowe, które są niezbędne do pomyślnej realizacji zamówienia (imię i nazwisko oraz adres, kontakt), podanie danych osobowych jest niezbędnym wymogiem do zawarcia i wykonania umowy, bez podania danych osobowych nie jest możliwe zawarcie umowy ani jej wykonanie przez administratora,</p>



<p>3.2.2. wysyłanie informacji handlowych i prowadzenie innych działań marketingowych.</p>



<p>3.3 Administrator nie podejmuje decyzji w sposób zautomatyzowany w rozumieniu art. 22 RODO. Użytkownik wyraził wyraźną zgodę na takie przetwarzanie.</p>



<p><strong>4. Okres przechowywania danych</strong></p>



<p>4.1 Administrator przechowuje dane osobowe</p>



<p>4.1.1. przez okres niezbędny do wykonywania praw i obowiązków wynikających ze stosunku umownego między użytkownikiem a administratorem oraz dochodzenia roszczeń wynikających z tych stosunków umownych, a także przez okres niezbędny do celów archiwizacji zgodnie z odpowiednimi powszechnie obowiązującymi przepisami prawa, jednak nie dłużej niż przez okres określony w powszechnie obowiązujących przepisach prawa.</p>



<p>4.1.2. na czas wycofania zgody na przetwarzanie danych osobowych w celach marketingowych, jeżeli dane osobowe są przetwarzane na podstawie zgody.</p>



<p>4.2 Po upływie okresu przechowywania administrator usuwa dane osobowe.</p>



<p><strong>5. Beneficjenci osobiści</strong><strong>ch&nbsp;</strong><strong>dane (podwykonawca</strong><strong>é&nbsp;</strong><strong>spr</strong><strong>partia)</strong></p>



<p>5.1 Odbiorcami danych osobowych są osoby</p>



<p>5.1.1. zaangażowanych w dostawę towarów / usług / dokonywanie płatności w ramach umowy,</p>



<p>5.1.2. świadczenie usług związanych z prowadzeniem e-sklepu i innych usług związanych z prowadzeniem e-sklepu,</p>



<p>5.1.3. świadczenie usług marketingowych.</p>



<p>5.2 Administrator nie zamierza przekazywać danych osobowych do państwa trzeciego (kraju spoza UE) lub organizacji międzynarodowej. Odbiorcami danych osobowych w państwach trzecich są dostawcy usług mailingowych / dostawcy usług w chmurze.</p>



<p><strong>6. Prawa użytkownika</strong></p>



<p>6.1 Zgodnie z warunkami RODO użytkownik ma prawo do</p>



<p>6.1.1. prawo dostępu do swoich danych osobowych zgodnie z art. 15 RODO,</p>



<p>6.1.2. prawo do sprostowania danych osobowych zgodnie z art. 16 RODO lub ograniczenia przetwarzania zgodnie z art. 18 RODO.</p>



<p>6.1.3. prawo do usunięcia danych osobowych zgodnie z art. 17 RODO.</p>



<p>6.1.4. prawo do wniesienia sprzeciwu wobec przetwarzania zgodnie z art. 21 RODO; oraz</p>



<p>6.1.5. prawo do przenoszenia danych zgodnie z art. 20 RODO.</p>



<p>6.1.6. prawo do wycofania zgody na przetwarzanie w formie pisemnej lub elektronicznej na adres lub adres e-mail administratora wskazany w art. III niniejszego Regulaminu.</p>



<p>6.2 Użytkownik ma również prawo do złożenia skargi do Urzędu Ochrony Danych Osobowych, jeśli uważa, że jego prawa do ochrony danych zostały naruszone.</p>



<p><strong>7. Warunki bezpieczeństwa danych osobowych</strong></p>



<p>7.1 Administrator oświadcza, że podjął wszelkie odpowiednie środki techniczne i organizacyjne w celu zabezpieczenia danych osobowych.</p>



<p>7.2 Administrator podjął środki techniczne w celu zabezpieczenia przechowywania danych oraz przechowywania danych osobowych w formie papierowej.</p>



<p>7.3 Administrator oświadcza, że dostęp do danych osobowych mają wyłącznie osoby przez niego upoważnione.</p>



<p><strong>8. Postanowienia końcowe</strong></p>



<p>8.1 Składając zamówienie za pośrednictwem formularza zamówienia online, użytkownik potwierdza, że zapoznał się z polityką prywatności i akceptuje ją w całości.</p>



<p>8.2 Użytkownik wyraża zgodę na niniejsze warunki, zaznaczając pole zgody za pośrednictwem formularza online. Zaznaczając pole zgody, użytkownik potwierdza, że zapoznał się z polityką prywatności i akceptuje ją w całości.</p>



<p>8.3 Administrator jest uprawniony do zmiany niniejszych warunków. Opublikuje nową wersję Polityki prywatności na swojej stronie internetowej, a także prześle nową wersję Polityki prywatności na adres e-mail podany administratorowi.</p>



<p>Niniejsze warunki wchodzą w życie z dniem 31 lipca 2025 r.</p>

<p>Podmínky ochrany osobních údajů 1.&nbsp;Základní ustanovení 1.1.&nbsp;Správcem osobních údajů podle čl. 4 bod 7 nařízení Evropského parlamentu a&nbsp;Rady (EU) 2016/679 o&nbsp;ochraně fyzických osob v&nbsp;souvislosti se&nbsp;zpracováním osobních údajů a&nbsp;o&nbsp;volném pohybu těchto údajů (dále jen: „GDPR”) je SVĚT KAMENŮ s.r.o., IČ:&nbsp;07496303, se&nbsp;sídlem nábřeží Dukelských hrdinů 2269, 756 61 Rožnov pod&nbsp;Radhoštěm (dále jen: „správce“). 1.2.&nbsp;Kontaktní údaje správce jsou [&hellip;]</p>
